 to base 6.
540214
-122120220202222 (base 3) to base 16
-8ea2dc
-1041062 (base 7) to base 4
-133022120
9a7d9 (base 14) to base 8
1333733
What is 211440145 (base 6) in base 10?
3722177
Convert -3413102420 (base 5) to base 4.
-130303112120
What is -64854 (base 9) in base 3?
-2011221211
What is 10316 (base 12) in base 16?
52c2
Convert 50d2b (base 15) to base 14.
69483
Convert -988aa (base 13) to base 15.
-56c2c
What is 447a5 (base 13) in base 11?
85476
-13584a (base 11) to base 5
-23301101
What is aa810 (base 12) in base 7?
1630215
23553430 (base 6) to base 13
201735
-11a763 (base 11) to base 8
-562736
Convert -39a68 (base 11) to base 10.
-57186
Convert 31233020220 (base 4) to base 16.
36f228
-10770 (base 12) to base 3
-1002221110
823747 (base 9) to base 10
488311
Convert -31111022320 (base 4) to base 8.
-15251270
What is -10144431 (base 6) in base 4?
-1013300203
-34796 (base 13) to base 5
-11031102
63766 (base 8) to base 7
140410
Convert -1011011000101110001 (base 2) to base 13.
-100a95
What is 1743482 (base 10) in base 8?
6515172
Convert -157671 (base 11) to base 8.
-735231
-145276 (base 9) to base 10
-89169
Convert -2002020200 (base 5) to base 15.
-52c0ba
-21143442 (base 9) to base 13
-2157c77
Convert -21100022122 (base 3) to base 16.
-234bf
Convert -11011111010101001 (base 2) to base 12.
-56209
What is 7898 (base 10) in base 9?
11745
Convert -343aa (base 13) to base 3.
-11211110220
43232142 (base 5) to base 3
200200112010
Convert 16d98 (base 15) to base 6.
1330155
1022202120122 (base 3) to base 7
5661131
What is -267423 (base 8) in base 13?
-33a07
1121210002111 (base 3) to base 8
3223061
What is 445355012 (base 6) in base 3?
120020122101022
Convert -19aa56 (base 14) to base 7.
-10521636
What is 1229a2 (base 12) in base 6?
10154322
-11210202202220 (base 3) to base 16
-26f98b
-14522704 (base 8) to base 10
-3319236
Convert -1102112102201001 (base 3) to base 7.
-336032053
Convert 1111111011110100 (base 2) to base 7.
361200
1312313011 (base 4) to base 14
c95d3
Convert 2463301 (base 7) to base 6.
10452421
Convert -220222111001 (base 3) to base 16.
-780b2
What is 10738556 (base 9) in base 13?
110b011
What is -10011010010001 (base 2) in base 12?
-5869
What is -11544335 (base 6) in base 9?
-625725
Convert -98d64a (base 15) to base 9.
-14632617
Convert -27a5606 (base 13) to base 12.
-4252a90
14150 (base 7) to base 13
19a9
371489 (base 11) to base 9
1084865
1000100110010101110 (base 2) to base 9
468462
Convert -1001100000100011011001 (base 2) to base 5.
-1114231013
-10101111000100001111 (base 2) to base 9
-1312565
129352b (base 14) to base 10
8960179
What is -21333032223 (base 4) in base 9?
-4830543
What is 5424729 (base 11) in base 4?
210120133111
Convert 5b1b (base 13) to base 15.
3c2d
-7556615 (base 8) to base 12
-816725
-29a599 (base 11) to base 14
-c2730
Convert -4141056 (base 7) to base 14.
-cd39d
Convert -6c6717 (base 15) to base 10.
-5185597
5c505c (base 14) to base 6
151451430
-10000022121 (base 3) to base 13
-20ca1
What is 120330112 (base 4) in base 11?
6a839
2001012121102 (base 3) to base 6
35142445
81337 (base 11) to base 4
131001032
d0cce7 (base 16) to base 8
64146347
What is 361b8 (base 12) in base 9?
120845
What is -231428 (base 15) in base 12?
-689362
What is -407166 (base 9) in base 12?
-b7880
Convert -541130 (base 6) to base 5.
-2404314
-256915 (base 12) to base 6
-21050025
Convert -2732 (base 13) to base 5.
-134433
What is a090 (base 15) in base 5?
2041020
What is -1001000110100010110 (base 2) in base 11?
-1940a8
What is 9db49 (base 15) in base 16?
7a91c
Convert -1607882 (base 13) to base 14.
-d21084
Convert 929983 (base 11) to base 13.
4030a7
What is -4404575 (base 9) in base 2?
-1001000001011110100101
576053 (base 12) to base 15
1c9b13
Convert cb13 (base 13) to base 6.
334423
1751811 (base 9) to base 15
145101
Convert -84a10 (base 11) to base 13.
-443a4
What is 12022000011 (base 4) in base 16?
18a005
112011110 (base 4) to base 6
1534432
-1443213 (base 6) to base 15
-19bd3
Convert 14321 (base 12) to base 10.
28105
-15c285a (base 14) to base 16
-a31140
Convert -2000110202 (base 3) to base 6.
-503502
321870 (base 9) to base 14
4dc17
-1554779 (base 11) to base 3
-11222221201200
What is 664627 (base 12) in base 5?
404001330
Convert 1005544 (base 6) to base 16.
bb48
Convert -d3391 (base 15) to base 7.
-5454421
What is -11011010001100110 (base 2) in base 6?
-2221114
Convert 137886 (base 10) to base 15.
2acc6
Convert -c61268 (base 13) to base 7.
-54231044
403252 (base 7) to base 10
68392
Convert 141342423 (base 5) to base 6.
23400112
What is 242602 (base 7) in base 3?
2020122001
-103140035 (base 6) to base 3
-10110002210212
17545123 (base 8) to base 11
2360754
What is -88db14 (base 16) in base 15?
-bc2720
What is -a9c4d (base 16) in base 4?
-2221301031
Convert 1109a (base 11) to base 9.
24047
What is -ca8ba (base 15) in base 9?
-1180304
1453037 (base 8) to base 11
263aa2
115a3c (base 14) to base 4
2100201212
-1110101110110101 (base 2) to base 12
-2ab05
Convert 1112022222 (base 3) to base 15.
8ddb
Convert -132230233 (base 4) to base 7.
-1032412
-226102135 (base 7) to base 15
-134886a
What is -37fa1 (base 16) in base 3?
-102122111220
What is 34054033 (base 6) in base 7?
11533662
Convert 724735 (base 12) to base 15.
255b22
What is -111252241 (base 6) in base 5?
-1004410034
What is -87218 (base 14) in base 6?
-11001354
What is 103131022 (base 4) in base 2?
10011011101001010
95d5a (base 14) to base 10
362092
What is -278001 (base 16) in base 8?
-11700001
Convert -12627037 (base 8) to base 4.
-22302320133
4b29 (base 13) to base 3
112122122
Convert -100222131 (base 4) to base 14.
-1ac33
-404535 (base 6) to base 9
-48115
-3c802 (base 13) to base 4
-123223321
What is 21047530 (base 8) in base 5?
2121224020
Convert 2540887 (base 10) to base 8.
11542527
4c2cba (base 13) to base 8
6776757
Convert 2121102221020 (base 3) to base 15.
1c5c40
-12021212110021 (base 3) to base 8
-12564264
1577670 (base 8) to base 14
bd22c
What is -1785d (base 15) in base 7?
-434656
1b4f0 (base 16) to base 14
2ca9a
Convert 22503672 (base 8) to base 11.
2836803
What is -277277 (base 14) in base 7?
-14411310
-d3dd3 (base 14) to base 5
-112312443
Convert -3887090 (base 11) to base 13.
-1518143
Convert 17b7a9 (base 13) to base 5.
123043314
-393007a (base 12) to base 16
-abcf5e
16440103 (base 7) to base 6
54232401
What is -71435 (base 12) in base 7?
-1153010
What is -1143433131 (base 5) in base 2?
-1010010111100011011100
What is -c318 (base 15) in base 13?
-159a1
Convert -100100101211000 (base 3) to base 9.
-10311730
What is -727607 (base 8) in base 2?
-111010111110000111
344221252 (base 6) to base 7
105043001
What is -1212220002110 (base 3) in base 12?
-403840
Convert 4371563 (base 10) to base 16.
42b46b
What is -7664428 (base 9) in base 3?
-21202011110222
What is 959383 (base 10) in base 11?
5a5887
e38c3 (base 16) to base 6
31550551
-10130311 (base 6) to base 8
-1071603
What is 1325172 (base 8) in base 7?
3104400
-100110100111000010 (base 2) to base 9
-260837
What is 3303442 (base 8) in base 12?
369082
-57173 (base 12) to base 10
-116007
42596a (base 11) to base 6
22334110
-909a (base 13) to base 8
-46674
Convert 10412513 (base 6) to base 7.
2442261
Convert -136300 (base 7) to base 9.
-38857
145b896 (base 13) to base 10
6480428
What is 2155234 (base 6) in base 10?
108742
Convert -2a37ab (base 16) to base 7.
-32342236
13202024 (base 5) to base 9
220356
-250823 (base 12) to base 16
-9319b
What is -2135125 (base 6) in base 12?
-514a5
What is -2a3622b (base 12) in base 16?
-8234c3
What is -26ea7 (base 16) in base 8?
-467247
Convert -235025144 (base 6) to base 4.
-100323001120
Convert -20101102212 (base 3) to base 6.
-2405552
What is -6bac94 (base 13) in base 2?
-1001110010011110100000
What is -207727 (base 10) in base 14?
-559b9
Convert -2706208 (base 11) to base 6.
-244140415
Convert 55180 (base 14) to base 10.
206108
Convert -133ac77 (base 13) to base 2.
-10111000101001010100011
-10331323223 (base 4) to base 3
-2110011100112
-10108164 (base 9) to base 3
-100010022012011
Convert -101010120112 (base 3) to base 13.
-6ca13
Convert 1291889 (base 13) to base 11.
3322277
What is 5850085 (base 11) in base 2?
100110111110111111110111
222230a (base 11) to base 15
51ec61
-c3893 (base 14)